mon factor of t and r?
5
Let w be 15/((35/(-5))/(-7)). Calculate the greatest common factor of w and 135.
15
Suppose 3*w + w + 200 = 0. Let y = w - -110. Let b(i) = -i**3 + 6*i**2 - 3*i - 3. Let c be b(3). What is the greatest common factor of c and y?
15
Suppose 5*l = -11*o + 8*o + 449, -l + 4*o + 76 = 0. What is the highest common divisor of l and 99?
11
Suppose 4*u = 4*b - b + 155, 3*u - 116 = 2*b. What is the greatest common factor of 95 and u?
19
Suppose r = 2*j - 2, -5 = 5*j + 5. Let c(u) = u + 14. Let v be c(r). What is the greatest common factor of v and 64?
8
Suppose 0 = 5*q + n - 245, q = -3*q - 4*n + 180. Let v = q + -20. What is the greatest common divisor of v and 105?
15
Suppose -10*l - 49 = -4*y - 5*l, 0 = 2*y - 4*l - 32. What is the greatest common divisor of y and 15?
3
Suppose -2*w = l - 40, 3*w = l - 0*w - 15. Calculate the greatest common divisor of 70 and l.
10
Suppose 0 = 3*t + 4*t + 3*t. Suppose -4*j - i + 81 = t, j = -4*j + i + 99. What is the greatest common factor of j and 20?
20
Let r = -2915 - -2922. Calculate the highest common factor of r and 959.
7
Suppose 5*g + 4*m = 1376, -5*g + 6*m = 2*m - 1384. Calculate the greatest common factor of g and 24.
12
Suppose 7*q - 2*q + 8 = 4*z, -z + 2 = -2*q. Let s be z/8 - (-215)/20. What is the highest common divisor of 55 and s?
11
Suppose -2*o = 4*o - 24. Suppose -4*c - 1 = 4*s - 61, 0 = -3*s - o*c + 50. What is the highest common divisor of 4 and s?
2
Suppose 5*i - 210 = -5*h, -5*i = -h - 2*h - 194. Calculate the greatest common factor of 30 and i.
10
Let n be (3/(-12))/((-378)/(-384) - 1). Let v(x) = -x**3 + 5*x**2 - 2. Let o be v(3). Calculate the highest common factor of n and o.
16
Suppose -y = -2, 2*l + 5*y - 42 = -4. Suppose -10*f + 9*f + l = 0. What is the highest common divisor of 56 and f?
14
Let b(d) = -d**2 - 13*d + 6. Let v be (-900)/132 + (-2)/11. Let z be b(v). Calculate the highest common factor of z and 6.
6
Let p(c) = c**3 + 7*c**2 - 23*c - 39. Let h be p(-8). Calculate the highest common factor of 18 and h.
9
Suppose -4*a - 5*u = -1012, 740 = -0*a + 3*a - u. Calculate the highest common factor of a and 48.
8
Let l be (-12)/8*(-2 + 150/(-9)). Let h = 3 - -1. Suppose -b = h*b - 35. What is the highest common divisor of l and b?
7
Let b be 12/18 - (-4)/(-6). Let g be (b + 4)*10/8. Suppose -2*n - 3*n + g*d + 50 = 0, 4*n = -4*d. Calculate the greatest common divisor of 25 and n.
5
Let t = 828 - 769. Calculate the greatest common factor of 1121 and t.
59
Suppose 11*v - 7*v + 3*t = 1032, 7*v = 4*t + 1843. What is the highest common divisor of 9 and v?
9
Let h(v) = 2*v**2 + 4. Let b be h(3). Suppose 0 = 10*z - 2 - 108. What is the highest common factor of z and b?
11
Suppose -i = -5, -3*i + 8*i = -t + 969. What is the highest common factor of 32 and t?
16
Let l = 1 - -13. Suppose 6*h - 4*h = 70. What is the greatest common factor of l and h?
7
Suppose -2*y - 2092 = y + 5*p, -3*y + 2*p - 2078 = 0. Let l be 38/(-57) + -1*y/6. Calculate the highest common factor of 23 and l.
23
Let v be 126/(-70) - (-1404)/30. Suppose 5*r + 14 + 1 = 0. Let s(k) = k**3 + 3*k**2 - 3*k. Let a be s(r). What is the highest common divisor of v and a?
9
Suppose -4*m - 4*k = -128, -3*m + 3*k = -116 + 20. Suppose 4*w + 2*o = 46, -w - 2*o + m = 2*w. What is the highest common divisor of 14 and w?
14
Let w = -52 + 61. Suppose 48 = w*g - 42. What is the highest common factor of 4 and g?
2
Suppose 4 = -2*b + 2. Let j be b/(-1 - 1/(-2)). Let c(s) = 7*s**2 - 6*s + 3. Let o be c(j). Calculate the highest common divisor of 133 and o.
19
Let d be (16*10/1600)/(1/10). What is the highest common factor of 11 and d?
1
Let o be -3 - (66/(-3))/2. Let g be (-5340)/25 + o/(-20). Let p = g - -357. What is the highest common divisor of 13 and p?
13
Suppose 2*a + 10 = 164. Let d be 14/(-4)*(-1 - 1). Calculate the greatest common factor of a and d.
7
Suppose 0 = -5*j + 151 + 209. Let g be j/20 - (-4)/10. Let v = -21 - -37. Calculate the highest common factor of g and v.
4
Let x(o) = -4*o - 15. Let c be x(-10). What is the greatest common divisor of 25 and c?
25
Let d be 1014/114 - 30/(-285). What is the highest common factor of 693 and d?
9
Let q = 43 + -3. Let p = 7 + -4. Suppose p*m - 4*m + q = 0. Calculate the greatest common divisor of m and 5.
5
Suppose -20*i + 41 = 1. What is the greatest common factor of 22 and i?
2
Let o(u) = -u**3 - 9*u**2 - 6*u - 12. Let x be o(-6). Let h = 106 + x. What is the greatest common divisor of h and 11?
11
Suppose -2*z - 4 = a, z = -3*a + 4 + 4. Suppose 2*i = 3*p - 38, 0 = a*p + 2*i + i - 45. Suppose 0*t = 2*t - p. What is the greatest common factor of t and 4?
2
Let t = 74 - 29. Calculate the highest common factor of t and 45.
45
Suppose n - 7*n = -24. Suppose 2*z = -2*z - n*p + 68, 2*z - 4 = 4*p. What is the highest common factor of z and 84?
12
Suppose -6*l = -l + 3*v - 164, -v = -3. Calculate the highest common factor of 496 and l.
31
Suppose 4*d - 663 - 581 = -2*z, -3*d + z + 938 = 0. Calculate the highest common divisor of 48 and d.
24
Suppose -1 = -q + 3*d - 0, -5*q + 2*d + 57 = 0. Suppose q + 60 = l. Suppose 0 = 5*p - l - 167. What is the greatest common factor of p and 12?
12
Let s(y) be the first derivative of -y**4/4 + 2*y**3 + y**2 - 5*y + 1. Let h be s(6). Let w = -103 + 180. What is the greatest common divisor of h and w?
7
Suppose -27*o + 754 - 79 = 0. Calculate the greatest common factor of o and 50.
25
Let l(a) = 3*a**2 + 5*a - 3. Let h be l(1). Calculate the greatest common factor of h and 20.
5
Suppose -16020 = -5*t - 5*i, 0 = 9*t - 12*t + 3*i + 9624. Calculate the highest common factor of 14 and t.
14
Let c(p) = 10*p**2 + 3*p - 2. Suppose 0 = -3*s + 5*s - 2. Let h be c(s). Calculate the greatest common factor of h and 99.
11
Let u(y) = -y**2 - 5*y - 1. Let h be u(-4). Let z(a) = -2*a + 9. Let v be z(h). Let g be 177 + (6 - v)/(-3). What is the greatest common divisor of 22 and g?
22
Suppose -4*y + 0 + 4 = 0. Suppose -23 = -0*h - h + 3*n, 5*h + n = 51. What is the greatest common divisor of y and h?
1
Suppose -10*r - 38 - 32 = 0. Let v(b) = -b**3 - 5*b**2 + 10*b - 8. Let x be v(r). Let a be (-16)/(-3) - 1/3. Calculate the highest common divisor of x and a.
5
Let x = -179 - -333. What is the greatest common divisor of 11 and x?
11
Let z(r) = 11*r - 10. Suppose -4*c - 4 = -4*n, -3*c = 2*c - n - 15. Let p be z(c). Calculate the highest common divisor of p and 170.
34
Let s(l) = l**3 - 7*l**2 - l + 1. Let u be s(7). Let q be (1/(-2))/(1/u). What is the highest common divisor of q and 21?
3
Suppose 6 = 3*f + 3*r, f - 18 = -2*f + 3*r. Let c be (-4 - -4) + f + 56. What is the greatest common factor of c and 180?
60
Suppose 0 = 10*w - 77*w + 4422. Calculate the greatest common factor of 154 and w.
22
Let z be (-42)/(-10) + 1*4/(-20). Suppose z*p - 42 = 5*g, 4 = -2*g - 0. Calculate the greatest common divisor of 32 and p.
8
Let l = -550 + 856. Calculate the greatest common factor of 36 and l.
18
Let s = 51 - -3. Let d(u) = u**3 - u**2 - 10*u + 12. Let z be d(0). What is the greatest common divisor of s and z?
6
Let i(m) = 12*m**2 - 10*m + 28. Let p be i(4). What is the highest common divisor of 45 and p?
45
Let f = -698 - -822. What is the greatest common divisor of 4 and f?
4
Let w be 8 - 2 - ((5 - 4) + 1). Suppose 4*g = -3*t + 1088, -4*t - 841 = g - w*g. What is the greatest common divisor of 110 and g?
55
Suppose -4*t - t + 20 = 0, 5*a + 3*t = -178. Let z be 1 + -3 + (0 - a). Let j = -127 - -181. Calculate the highest common divisor of z and j.
18
Let q = 72 + 43. Let b be 5*(-2 + (-168)/(-10)). Let z = b + -28. What is the greatest common factor of z and q?
23
Suppose 100 = 2*r + 92. Suppose -5*c + r*h + 880 = 0, 4*c + 0*h - 740 = -4*h. What is the greatest common divisor of 45 and c?
45
Suppose 0 = 86*d - 91*d + 195. Suppose q - 3*g = -2*q + d, -2*q + 5*g + 23 = 0. What is the greatest common factor of 98 and q?
14
Suppose 10*t - 44 = 6. Let c be 2/5 + 8/5. What is the greatest common factor of t and c?
1
Suppose 0*l = -2*l + 4. Suppose 2*g + l = 3*m, -4*g + 5*m = -0*m + 6. Let a(v) = -10*v + 8. Let x be a(g). Calculate the greatest common divisor of x and 120.
24
Let c(f) = 9*f**2 + 47*f + 158. Let x be c(-6). Suppose 2*l - 21 = -5*u + 25, 4*u - l = 29. 